 factor of 1540 and 66?
22
Calculate the greatest common divisor of 249 and 9.
3
Calculate the highest common factor of 921 and 12.
3
What is the greatest common factor of 12 and 5916?
12
What is the highest common factor of 26 and 256?
2
Calculate the greatest common factor of 3888 and 384.
48
What is the greatest common divisor of 192 and 3136?
64
What is the highest common divisor of 16 and 1328?
16
What is the highest common divisor of 14 and 119?
7
What is the greatest common factor of 3 and 39?
3
Calculate the highest common divisor of 5245 and 45.
5
What is the greatest common divisor of 589 and 279?
31
What is the greatest common divisor of 8432 and 48?
16
Calculate the greatest common factor of 1536 and 48.
48
Calculate the highest common factor of 3536 and 48.
16
What is the highest common factor of 27 and 8838?
9
What is the greatest common factor of 108 and 4608?
36
What is the greatest common factor of 59 and 2773?
59
Calculate the greatest common divisor of 504 and 7.
7
What is the greatest common divisor of 9 and 36?
9
What is the highest common divisor of 125 and 49625?
125
Calculate the greatest common factor of 420 and 120.
60
What is the highest common factor of 374 and 1683?
187
What is the greatest common factor of 84 and 3269?
7
Calculate the highest common divisor of 287 and 28.
7
What is the highest common factor of 47 and 376?
47
What is the greatest common divisor of 949 and 2774?
73
Calculate the highest common divisor of 55 and 121.
11
Calculate the greatest common factor of 108 and 486.
54
Calculate the greatest common divisor of 61 and 61.
61
What is the highest common factor of 132 and 12375?
33
What is the highest common factor of 5694 and 117?
39
What is the highest common divisor of 1638 and 858?
78
What is the greatest common factor of 42 and 868?
14
Calculate the highest common factor of 1145 and 55.
5
What is the greatest common divisor of 15623 and 17?
17
What is the highest common divisor of 627 and 33?
33
What is the highest common divisor of 2132 and 208?
52
What is the highest common factor of 90 and 585?
45
Calculate the greatest common divisor of 3393 and 18.
9
Calculate the highest common factor of 42 and 7623.
21
Calculate the greatest common divisor of 161 and 69.
23
What is the highest common divisor of 14 and 2730?
14
Calculate the highest common factor of 18 and 222.
6
Calculate the highest common divisor of 180 and 855.
45
Calculate the greatest common divisor of 1482 and 2262.
78
Calculate the highest common divisor of 150 and 110.
10
What is the greatest common factor of 13 and 533?
13
Calculate the highest common factor of 320 and 48.
16
What is the greatest common divisor of 339 and 3?
3
Calculate the greatest common divisor of 31 and 775.
31
Calculate the highest common divisor of 528 and 121.
11
What is the highest common divisor of 22 and 55?
11
What is the greatest common divisor of 602 and 3569?
43
Calculate the greatest common factor of 46 and 25898.
46
Calculate the highest common factor of 119 and 136.
17
What is the greatest common factor of 250 and 2050?
50
Calculate the greatest common divisor of 3127 and 212.
53
Calculate the highest common factor of 4 and 166.
2
What is the greatest common divisor of 128 and 2432?
128
Calculate the highest common factor of 289 and 51.
17
What is the highest common factor of 8055 and 855?
45
What is the greatest common divisor of 90 and 315?
45
Calculate the highest common divisor of 308 and 132.
44
Calculate the highest common factor of 53132 and 148.
148
What is the highest common factor of 66 and 34353?
33
Calculate the greatest common factor of 21 and 1701.
21
What is the highest common divisor of 16 and 592?
16
What is the highest common factor of 110 and 30?
10
What is the greatest common factor of 74 and 370?
74
What is the greatest common factor of 1470 and 30?
30
What is the highest common factor of 1448 and 8?
8
Calculate the highest common factor of 126 and 11781.
63
What is the greatest common divisor of 5 and 497?
1
Calculate the greatest common factor of 406 and 60291.
203
Calculate the highest common divisor of 4745 and 1095.
365
What is the greatest common factor of 100 and 8?
4
What is the highest common divisor of 42 and 483?
21
Calculate the highest common factor of 22864 and 48.
16
Calculate the greatest common divisor of 1320 and 891.
33
Calculate the highest common factor of 120 and 105.
15
Calculate the greatest common divisor of 267 and 12.
3
Calculate the greatest common divisor of 9 and 504.
9
Calculate the greatest common factor of 27159 and 66.
33
Calculate the greatest common factor of 104 and 156.
52
What is the greatest common divisor of 375 and 3125?
125
Calculate the greatest common divisor of 6 and 162.
6
Calculate the greatest common divisor of 55 and 10.
5
Calculate the highest common divisor of 342 and 27.
9
Calculate the highest common factor of 252 and 10710.
126
What is the highest common divisor of 1494 and 830?
166
Calculate the highest common factor of 88 and 209.
11
Calculate the greatest common factor of 7 and 4375.
7
Calculate the highest common divisor of 432 and 48.
48
What is the highest common divisor of 1370 and 20?
10
Calculate the greatest common factor of 216 and 189.
27
What is the highest common divisor of 315 and 1071?
63
Calculate the highest common divisor of 52 and 12.
4
Calculate the highest common divisor of 1014 and 182.
26
Calculate the greatest common factor of 12 and 7440.
12
Calculate the highest common divisor of 56799 and 18.
9
What is the greatest common factor of 15 and 120?
15
Calculate the greatest common divisor of 15 and 110.
5
Calculate the greatest common divisor of 6 and 1072.
2
Calculate the highest common factor of 161 and 3749.
23
Calculate the highest common divisor of 136 and 56.
8
What is the highest common divisor of 10 and 170?
10
Calculate the greatest common factor of 162 and 126.
18
Calculate the highest common factor of 232 and 638.
58
What is the highest common divisor of 40 and 920?
40
What is the highest common divisor of 30 and 330?
30
What is the greatest common factor of 465 and 4960?
155
What is the greatest common divisor of 152 and 19532?
76
What is the highest common factor of 532 and 28?
28
Calculate the highest common divisor of 19 and 14.
1
Calculate the highest common factor of 36 and 12.
12
Calculate the highest common divisor of 5746 and 34.
34
Calculate the highest common factor of 22 and 5885.
11
Calculate the greatest common factor of 108 and 486.
54
Calculate the highest common divisor of 44 and 242.
22
What is the greatest common divisor of 2 and 9?
1
Calculate the greatest common factor of 2074 and 1768.
34
What is the greatest common divisor of 10 and 765?
5
What is the greatest common divisor of 48 and 19056?
48
What is the greatest common divisor of 552 and 24?
24
Calculate the greatest common factor of 38 and 1292.
38
What is the highest common divisor of 3225 and 129?
129
Calculate the highest common factor of 685 and 135.
5
Calculate the greatest common factor of 65 and 247.
13
What is the highest common factor of 127058 and 17?
17
Calculate the greatest common divisor of 18 and 342.
18
Calculate the greatest common divisor of 546 and 78.
78
What is the greatest common divisor of 36 and 84?
12
What is the greatest common divisor of 45 and 8100?
45
Calculate the greatest common divisor of 27 and 1395.
9
What is the highest common divisor of 3333 and 99?
33
What is the greatest common divisor of 774 and 18?
18
Calculate the highest common factor of 291 and 16393.
97
What is the highest common factor of 13 and 247?
13
Calculate the highest common factor of 12 and 230.
2
Calculate the greatest common factor of 75 and 945.
15
Calculate the highest common factor of 6293 and 58.
29
Calculate the highest common factor of 62 and 155.
31
Calculate the highest common divisor of 4 and 256.
4
Calculate the greatest common factor of 2488 and 16.
8
What is the greatest common divisor of 17 and 459?
17
Calculate the greatest common factor of 39 and 1833.
39
What is the highest common divisor of 48 and 16?
16
What is the highest common divisor of 405 and 891?
81
Calculate the highest common divisor of 213 and 39.
3
Calculate the highest com